{"version":"1.0","provider_name":"MyRight","provider_url":"https:\/\/myright.se\/en","author_name":"Madeleine Jangard","author_url":"https:\/\/myright.se\/en\/author\/madeleine\/","title":"Fattigdom och funktionsneds\u00e4ttning - MyRight","type":"rich","width":600,"height":338,"html":"<blockquote class=\"wp-embedded-content\" data-secret=\"AgmILsXjXT\"><a href=\"https:\/\/myright.se\/en\/vart-arbete\/fattigdom-och-funktionsnedsattning\/\">Poverty and disability<\/a><\/blockquote><iframe sandbox=\"allow-scripts\" security=\"restricted\" src=\"https:\/\/myright.se\/en\/vart-arbete\/fattigdom-och-funktionsnedsattning\/embed\/#?secret=AgmILsXjXT\" width=\"600\" height=\"338\" title=\"\u201cPoverty and Disability\u201d \u2014 MyRight\" data-secret=\"AgmILsXjXT\" frameborder=\"0\" marginwidth=\"0\" marginheight=\"0\" scrolling=\"no\" class=\"wp-embedded-content\"><\/iframe><script>\n\/*! This file is auto-generated *\/\n!function(d,l){\"use strict\";l.querySelector&&d.addEventListener&&\"undefined\"!=typeof URL&&(d.wp=d.wp||{},d.wp.receiveEmbedMessage||(d.wp.receiveEmbedMessage=function(e){var t=e.data;if((t||t.secret||t.message||t.value)&&!\/[^a-zA-Z0-9]\/.test(t.secret)){for(var s,r,n,a=l.querySelectorAll('iframe[data-secret=\"'+t.secret+'\"]'),o=l.querySelectorAll('blockquote[data-secret=\"'+t.secret+'\"]'),c=new RegExp(\"^https?:$\",\"i\"),i=0;i<o.length;i++)o[i].style.display=\"none\";for(i=0;i<a.length;i++)s=a[i],e.source===s.contentWindow&&(s.removeAttribute(\"style\"),\"height\"===t.message?(1e3<(r=parseInt(t.value,10))?r=1e3:~~r<200&&(r=200),s.height=r):\"link\"===t.message&&(r=new URL(s.getAttribute(\"src\")),n=new URL(t.value),c.test(n.protocol))&&n.host===r.host&&l.activeElement===s&&(d.top.location.href=t.value))}},d.addEventListener(\"message\",d.wp.receiveEmbedMessage,!1),l.addEventListener(\"DOMContentLoaded\",function(){for(var e,t,s=l.querySelectorAll(\"iframe.wp-embedded-content\"),r=0;r<s.length;r++)(t=(e=s[r]).getAttribute(\"data-secret\"))||(t=Math.random().toString(36).substring(2,12),e.src+=\"#?secret=\"+t,e.setAttribute(\"data-secret\",t)),e.contentWindow.postMessage({message:\"ready\",secret:t},\"*\")},!1)))}(window,document);\n\/\/# sourceURL=https:\/\/myright.se\/wp-includes\/js\/wp-embed.min.js\n<\/script>","thumbnail_url":"https:\/\/myright.se\/wp-content\/uploads\/2021\/12\/UN-A-disabled-youth-sitting-in-a-wheelchair-donated-by-the-UN-Volunteers-Nort-Darfur-Sudan-2012.jpg","thumbnail_width":1200,"thumbnail_height":800,"description":"Fattigdom och funktionsneds\u00e4ttning Personer med funktionsneds\u00e4ttning runt om i v\u00e4rlden tillh\u00f6r de allra fattigaste i de flesta samh\u00e4llen och uts\u00e4tts f\u00f6r en omfattande diskriminering inom alla samh\u00e4llets niv\u00e5er. Allra v\u00e4rst \u00e4r det f\u00f6r flickor och kvinnor. Alla tillg\u00e4ngliga studier visar att personer med funktionsneds\u00e4ttning forts\u00e4tter ligga efter i alla socioekonomiska m\u00e4tningar \u00f6ver h\u00e4lsa, utbildning, hunger, [&hellip;]"}

Fattigdom och funktionsnedsättning - MyRight

Fattigdom och funktionsnedsättning Personer med funktionsnedsättning runt om i världen tillhör de allra fattigaste i de flesta samhällen och utsätts för en omfattande diskriminering inom alla samhällets nivåer. Allra värst är det för flickor och kvinnor. Alla tillgängliga studier visar att personer med funktionsnedsättning fortsätter ligga efter i alla socioekonomiska mätningar över hälsa, utbildning, hunger, [&hellip;]
