{"version":"1.0","provider_name":"Mi derecho","provider_url":"https:\/\/myright.se\/es","author_name":"Madeleine Jangard","author_url":"https:\/\/myright.se\/es\/author\/madeleine\/","title":"Yrkesutbildningen gav Sameera livslusten tillbaka - MyRight","type":"rich","width":600,"height":338,"html":"<blockquote class=\"wp-embedded-content\" data-secret=\"mt6MxeeBhk\"><a href=\"https:\/\/myright.se\/es\/yrkesutbildningen-gav-sameera-livslusten-tillbaka\/\">La formaci\u00f3n profesional devolvi\u00f3 a Sameera las ganas de vivir<\/a><\/blockquote><iframe sandbox=\"allow-scripts\" security=\"restricted\" src=\"https:\/\/myright.se\/es\/yrkesutbildningen-gav-sameera-livslusten-tillbaka\/embed\/#?secret=mt6MxeeBhk\" width=\"600\" height=\"338\" title=\"\u00abLa formaci\u00f3n profesional le devolvi\u00f3 a Sameera su entusiasmo por la vida\u00bb \u2014 MyRight\" data-secret=\"mt6MxeeBhk\" frameborder=\"0\" marginwidth=\"0\" marginheight=\"0\" scrolling=\"no\" class=\"wp-embedded-content\"><\/iframe><script>\n\/*! This file is auto-generated *\/\n!function(d,l){\"use strict\";l.querySelector&&d.addEventListener&&\"undefined\"!=typeof URL&&(d.wp=d.wp||{},d.wp.receiveEmbedMessage||(d.wp.receiveEmbedMessage=function(e){var t=e.data;if((t||t.secret||t.message||t.value)&&!\/[^a-zA-Z0-9]\/.test(t.secret)){for(var s,r,n,a=l.querySelectorAll('iframe[data-secret=\"'+t.secret+'\"]'),o=l.querySelectorAll('blockquote[data-secret=\"'+t.secret+'\"]'),c=new RegExp(\"^https?:$\",\"i\"),i=0;i<o.length;i++)o[i].style.display=\"none\";for(i=0;i<a.length;i++)s=a[i],e.source===s.contentWindow&&(s.removeAttribute(\"style\"),\"height\"===t.message?(1e3<(r=parseInt(t.value,10))?r=1e3:~~r<200&&(r=200),s.height=r):\"link\"===t.message&&(r=new URL(s.getAttribute(\"src\")),n=new URL(t.value),c.test(n.protocol))&&n.host===r.host&&l.activeElement===s&&(d.top.location.href=t.value))}},d.addEventListener(\"message\",d.wp.receiveEmbedMessage,!1),l.addEventListener(\"DOMContentLoaded\",function(){for(var e,t,s=l.querySelectorAll(\"iframe.wp-embedded-content\"),r=0;r<s.length;r++)(t=(e=s[r]).getAttribute(\"data-secret\"))||(t=Math.random().toString(36).substring(2,12),e.src+=\"#?secret=\"+t,e.setAttribute(\"data-secret\",t)),e.contentWindow.postMessage({message:\"ready\",secret:t},\"*\")},!1)))}(window,document);\n\/\/# sourceURL=https:\/\/myright.se\/wp-includes\/js\/wp-embed.min.js\n<\/script>","thumbnail_url":"https:\/\/myright.se\/wp-content\/uploads\/2021\/09\/O8C9325-1-scaled.jpg","thumbnail_width":2560,"thumbnail_height":1707,"description":"Sameera Sandaruwan var bara tolv \u00e5r gammal n\u00e4r en fallolycka ledde till att han blev f\u00f6rlamad fr\u00e5n midjan och ned\u00e5t. \u00a0Sameera tappade helt livslusten och k\u00e4nde sig under m\u00e5nga \u00e5r som en stor b\u00f6rda f\u00f6r sin familj. I dag \u00e4r situationen en helt annan. Sameera Sandaruwan med sin fru Indika Hennayaka Mudiyanselage och deras dotter [&hellip;]"}

<blockquote class="wp-embedded-content" data-secret="mt6MxeeBhk"><a href="https://myright.se/es/yrkesutbildningen-gav-sameera-livslusten-tillbaka/">La formación profesional devolvió a Sameera las ganas de vivir</a></blockquote><iframe sandbox="allow-scripts" security="restricted" src="https://myright.se/es/yrkesutbildningen-gav-sameera-livslusten-tillbaka/embed/#?secret=mt6MxeeBhk" width="600" height="338" title="«La formación profesional le devolvió a Sameera su entusiasmo por la vida» — MyRight" data-secret="mt6MxeeBhk" frameborder="0" marginwidth="0" marginheight="0" scrolling="no" class="wp-embedded-content"></iframe><script>
/*! This file is auto-generated */
!function(d,l){"use strict";l.querySelector&&d.addEventListener&&"undefined"!=typeof URL&&(d.wp=d.wp||{},d.wp.receiveEmbedMessage||(d.wp.receiveEmbedMessage=function(e){var t=e.data;if((t||t.secret||t.message||t.value)&&!/[^a-zA-Z0-9]/.test(t.secret)){for(var s,r,n,a=l.querySelectorAll('iframe[data-secret="'+t.secret+'"]'),o=l.querySelectorAll('blockquote[data-secret="'+t.secret+'"]'),c=new RegExp("^https?:$","i"),i=0;i<o.length;i++)o[i].style.display="none";for(i=0;i<a.length;i++)s=a[i],e.source===s.contentWindow&&(s.removeAttribute("style"),"height"===t.message?(1e3<(r=parseInt(t.value,10))?r=1e3:~~r<200&&(r=200),s.height=r):"link"===t.message&&(r=new URL(s.getAttribute("src")),n=new URL(t.value),c.test(n.protocol))&&n.host===r.host&&l.activeElement===s&&(d.top.location.href=t.value))}},d.addEventListener("message",d.wp.receiveEmbedMessage,!1),l.addEventListener("DOMContentLoaded",function(){for(var e,t,s=l.querySelectorAll("iframe.wp-embedded-content"),r=0;r<s.length;r++)(t=(e=s[r]).getAttribute("data-secret"))||(t=Math.random().toString(36).substring(2,12),e.src+="#?secret="+t,e.setAttribute("data-secret",t)),e.contentWindow.postMessage({message:"ready",secret:t},"*")},!1)))}(window,document);
//# sourceURL=https://myright.se/wp-includes/js/wp-embed.min.js
</script>

Sameera Sandaruwan var bara tolv år gammal när en fallolycka ledde till att han blev förlamad från midjan och nedåt.  Sameera tappade helt livslusten och kände sig under många år som en stor börda för sin familj. I dag är situationen en helt annan. Sameera Sandaruwan med sin fru Indika Hennayaka Mudiyanselage och deras dotter [&hellip;]
